s of 40208?
2, 7, 359
List the prime factors of 119391.
3, 17, 2341
List the prime factors of 548.
2, 137
List the prime factors of 8163.
3, 907
List the prime factors of 12795.
3, 5, 853
What are the prime factors of 703?
19, 37
What are the prime factors of 42534?
2, 3, 17, 139
What are the prime factors of 10149?
3, 17, 199
List the prime factors of 68494.
2, 23, 1489
What are the prime factors of 72728?
2, 9091
What are the prime factors of 935?
5, 11, 17
What are the prime factors of 22839?
3, 23, 331
What are the prime factors of 363?
3, 11
List the prime factors of 4452.
2, 3, 7, 53
What are the prime factors of 176?
2, 11
List the prime factors of 9938.
2, 4969
What are the prime factors of 116476?
2, 37, 787
What are the prime factors of 5070?
2, 3, 5, 13
List the prime factors of 7517.
7517
What are the prime factors of 19528?
2, 2441
What are the prime factors of 4701?
3, 1567
What are the prime factors of 91287?
3, 7, 23
What are the prime factors of 2830?
2, 5, 283
List the prime factors of 2782.
2, 13, 107
List the prime factors of 183108.
2, 3, 15259
What are the prime factors of 35175?
3, 5, 7, 67
List the prime factors of 2120.
2, 5, 53
What are the prime factors of 6854?
2, 23, 149
List the prime factors of 45561.
3, 15187
What are the prime factors of 9491?
9491
What are the prime factors of 10178?
2, 7, 727
List the prime factors of 17977.
17977
List the prime factors of 71787.
3, 23929
What are the prime factors of 1043?
7, 149
What are the prime factors of 24217?
61, 397
What are the prime factors of 9434?
2, 53, 89
List the prime factors of 30457.
7, 19, 229
List the prime factors of 42013.
42013
What are the prime factors of 33574?
2, 16787
List the prime factors of 4584.
2, 3, 191
List the prime factors of 17011.
17011
What are the prime factors of 732?
2, 3, 61
List the prime factors of 2026.
2, 1013
List the prime factors of 153752.
2, 19219
What are the prime factors of 3073?
7, 439
What are the prime factors of 54448?
2, 41, 83
What are the prime factors of 1679?
23, 73
What are the prime factors of 440?
2, 5, 11
What are the prime factors of 417?
3, 139
List the prime factors of 22633.
13, 1741
List the prime factors of 50267.
7, 43, 167
What are the prime factors of 1892?
2, 11, 43
List the prime factors of 1472.
2, 23
What are the prime factors of 255?
3, 5, 17
List the prime factors of 2023.
7, 17
List the prime factors of 27696.
2, 3, 577
What are the prime factors of 4412?
2, 1103
What are the prime factors of 152?
2, 19
List the prime factors of 5361.
3, 1787
What are the prime factors of 16055?
5, 13, 19
What are the prime factors of 11646?
2, 3, 647
What are the prime factors of 26928?
2, 3, 11, 17
What are the prime factors of 5580?
2, 3, 5, 31
What are the prime factors of 1923?
3, 641
What are the prime factors of 9469?
17, 557
What are the prime factors of 7949?
7949
What are the prime factors of 3167?
3167
What are the prime factors of 35744?
2, 1117
List the prime factors of 782.
2, 17, 23
List the prime factors of 187.
11, 17
What are the prime factors of 9962?
2, 17, 293
What are the prime factors of 2443?
7, 349
What are the prime factors of 7101?
3, 263
What are the prime factors of 5034?
2, 3, 839
List the prime factors of 1495.
5, 13, 23
What are the prime factors of 14860?
2, 5, 743
List the prime factors of 13443.
3, 4481
What are the prime factors of 42429?
3, 14143
List the prime factors of 887.
887
What are the prime factors of 10416?
2, 3, 7, 31
What are the prime factors of 2045?
5, 409
List the prime factors of 4662.
2, 3, 7, 37
What are the prime factors of 4962?
2, 3, 827
List the prime factors of 129782.
2, 64891
What are the prime factors of 39618?
2, 3, 31, 71
List the prime factors of 64222.
2, 163, 197
List the prime factors of 6129.
3, 227
List the prime factors of 6081.
3, 2027
List the prime factors of 110911.
197, 563
What are the prime factors of 8814?
2, 3, 13, 113
What are the prime factors of 5085?
3, 5, 113
What are the prime factors of 525?
3, 5, 7
List the prime factors of 11392.
2, 89
List the prime factors of 12520.
2, 5, 313
List the prime factors of 8059.
8059
List the prime factors of 13173.
3, 4391
What are the prime factors of 20030?
2, 5, 2003
List the prime factors of 49897.
41, 1217
What are the prime factors of 9590?
2, 5, 7, 137
List the prime factors of 25.
5
What are the prime factors of 12483?
3, 19, 73
What are the prime factors of 14340?
2, 3, 5, 239
What are the prime factors of 5312?
2, 83
What are the prime factors of 982?
2, 491
What are the prime factors of 36598?
2, 29, 631
What are the prime factors of 1126?
2, 563
List the prime factors of 15622.
2, 73, 107
List the prime factors of 7501.
13, 577
What are the prime factors of 3687?
3, 1229
What are the prime factors of 56?
2, 7
What are the prime factors of 12948?
2, 3, 13, 83
What are the prime factors of 738?
2, 3, 41
What are the prime factors of 10740?
2, 3, 5, 179
List the prime factors of 146.
2, 73
What are the prime factors of 637?
7, 13
List the prime factors of 1332.
2, 3, 37
List the prime factors of 5440.
2, 5, 17
List the prime factors of 2712.
2, 3, 113
List the prime factors of 42062.
2, 21031
List the prime factors of 782.
2, 17, 23
List the prime factors of 10791.
3, 11, 109
List the prime factors of 610.
2, 5, 61
List the prime factors of 31183.
31183
List the prime factors of 64007.
64007
List the prime factors of 2435.
5, 487
What are the prime factors of 8677?
8677
List the prime factors of 2495.
5, 499
What are the prime factors of 20181?
3, 7, 31
List the prime factors of 20938.
2, 19, 29
List the prime factors of 56181.
3, 61, 307
List the prime factors of 24030.
2, 3, 5, 89
What are the prime factors of 2348?
2, 587
What are the prime factors of 63801?
3, 17, 139
What are the prime factors of 6072?
2, 3, 11, 23
List the prime factors of 1100.
2, 5, 11
List the prime factors of 473.
11, 43
What are the prime factors of 24349?
13, 1873
List the prime factors of 6014.
2, 31, 97
What are the prime factors of 45641?
45641
What are the prime factors of 1319?
1319
List the prime factors of 4522.
2, 7, 17, 19
What are the prime factors of 748?
2, 11, 17
What are the prime factors of 85024?
2, 2657
List the prime factors of 447.
3, 149
List the prime factors of 428.
2, 107
List the prime factors of 7481.
7481
List the prime factors of 29228.
2, 7307
List the prime factors of 1779.
3, 593
List the prime factors of 4987.
4987
List the prime factors of 3296.
2, 103
What are the prime factors of 9958?
2, 13, 383
What are the prime factors of 54051?
3, 43, 419
List the prime factors of 26706.
2, 3, 4451
List the prime factors of 16817.
67, 251
List the prime factors of 941.
941
List the prime factors of 1034.
2, 11, 47
List the prime factors of 42056.
2, 7, 751
What are the prime factors of 28607?
28607
List the prime factors of 44349.
3, 14783
What are the prime factors of 5240?
2, 5, 131
What are the prime factors of 286?
2, 11, 13
List the prime factors of 6868.
2, 17, 101
What are the prime factors of 53694?
2, 3, 19, 157
List the prime factors of 2851.
2851
What are the prime factors of 13318?
2, 6659
List the prime factors of 2196.
2, 3, 61
What are the prime factors of 12719?
7, 23, 79
List the prime factors of 7175.
5, 7, 41
What are the prime factors of 49410?
2, 3, 5, 61
What are the prime factors of 19253?
13, 1481
List the prime factors of 6541.
31, 211
What are the prime factors of 787?
787
What are the prime factors of 44590?
2, 5, 7, 13
List the prime factors of 43314.
2, 3, 7219
What are the prime factors of 593?
593
List the prime factors of 2448.
2, 3, 17
List the prime factors of 2324.
2, 7, 83
What are the prime factors of 12098?
2, 23, 263
What are the prime factors of 4962?
2, 3, 827
List the prime factors of 404.
2, 101
List the prime factors of 25574.
2, 19, 673
What are the prime factors of 80?
2, 5
What are the prime factors of 24287?
149, 163
List the prime factors of 12848.
2, 11, 73
What are the prime factors of 21990?
2, 3, 5, 733
List the prime factors of 233.
233
List the prime factors of 13269.
3, 4423
List the prime factors of 37760.
2, 5, 59
What are the prime factors of 3037?
3037
List the prime factors of 7297.
7297
What are the prime factors